{"id":3616,"date":"2014-01-30T15:39:49","date_gmt":"2014-01-30T15:39:49","guid":{"rendered":"http:\/\/web-rockstars.com\/nuovo\/?page_id=3616"},"modified":"2023-01-11T19:16:37","modified_gmt":"2023-01-11T18:16:37","slug":"fullwidth-slider-2","status":"publish","type":"page","link":"https:\/\/apartamentosbenidorm.es\/","title":{"rendered":"INICIO"},"content":{"rendered":"<p>\u00a1Bienvenidos a Apartamentos Benidorm .es!<\/p>\n<h2>Desde 2001 ofrecemos<\/h2>\n<p>Alquiler particular de apartamentos en primera l\u00ednea de la<strong> playa de Poniente de Benidorm.<\/strong><br>En esta p\u00e1gina encontrar\u00e1 informaci\u00f3n sobre Benidorm, fotos de los apartamentos, indicaciones para llegar a ellos y muchas cosas m\u00e1s. Para cualquier aclaraci\u00f3n, no dude en ponerse en contacto con nosotros. Puede hacerlo <a href=\"http:\/\/apartamentosbenidorm.es\/?page_id=290\">aqu\u00ed.<\/a><\/p>\n<p><a href=\"http:\/\/apartamentosbenidorm.es\/wp-content\/uploads\/2014\/01\/logo-400-e1441153848674.png\"><img decoding=\"async\" loading=\"lazy\" class=\"wp-image-3972 size-full aligncenter\" src=\"http:\/\/apartamentosbenidorm.es\/wp-content\/uploads\/2014\/01\/logo-400-e1441153848674.png\" alt=\"\" width=\"400\" height=\"194\"><\/a><\/p>\n<p>&nbsp;<\/p>\n<h4>\u2713 Alquiler 365 d\u00edas al a\u00f1o<\/h4>\n<p>Comprueba la disponibilidad de los apartamentos contactando con nosotros. \u00a1Julio y Agosto se llenan muy r\u00e1pido!<\/p>\n<h3 class=\"LC20lb MBeuO DKV0Md\">&#x1f31e;300 d\u00edas de sol al a\u00f1o<\/h3>\n<p>El singular entorno de Benidorm y su particular microclima nos brinda una media de 300 d\u00edas de sol al a\u00f1o.<\/p>\n<h4>&#x1f44d;100% Recomendado<\/h4>\n<p>Venga a conocer Benidorm, que no se lo cuente nadie, descubrir\u00e1 un lugar que sin duda no le dejar\u00e1 indiferente.&nbsp;<\/p>\n<h3 class=\"LC20lb MBeuO DKV0Md\">&#x1f319;Ocio nocturno<\/h3>\n<p>Benidorm es la ciudad que nunca duerme. Discotecas de vanguardia, espect\u00e1culos nocturnos, zona de tapas y vinos, etc.<\/p>\n<h3 class=\"LC20lb MBeuO DKV0Md\">&nbsp;&#x1f4b5;100% Garantizado<\/h3>\n<p>Todas nuestras reservas se hacen via transferencia bancaria, con dep\u00f3sito y confirmaci\u00f3n.<\/p>\n<h3 class=\"LC20lb MBeuO DKV0Md\">&#x2708; Servicios adicionales<\/h3>\n<p>Ofrecemos servicios de recogida en el aeropuerto, entradas a atracciones, etc.&nbsp;<\/p>\n<h2 style=\"text-align: center;\">Mil sensaciones muy cerca<\/h2>\n<div align=\"center\"><!-- index.php -->\n<div\n\tclass=\"ngg-galleryoverview ngg-ajax-pagination-none\"\n\tid=\"ngg-gallery-5d1b7578cce8d971fc79841cd2a34772-1\">\n\n    \t\t<!-- Thumbnails -->\n\t\t\t\t<div id=\"ngg-image-0\" class=\"ngg-gallery-thumbnail-box\" >\n\t\t\t\t        <div class=\"ngg-gallery-thumbnail\">\n            <a href=\"https:\/\/apartamentosbenidorm.es\/wp-content\/gallery\/princip\/Gallery-6.JPG\"\n               title=\"\"\n               data-src=\"https:\/\/apartamentosbenidorm.es\/wp-content\/gallery\/princip\/Gallery-6.JPG\"\n               data-thumbnail=\"https:\/\/apartamentosbenidorm.es\/wp-content\/gallery\/princip\/thumbs\/thumbs_Gallery-6.JPG\"\n               data-image-id=\"120\"\n               data-title=\"Gallery-6\"\n               data-description=\"\"\n               data-image-slug=\"gallery-6\"\n               class=\"ngg-fancybox\" rel=\"5d1b7578cce8d971fc79841cd2a34772\">\n                <img\n                    title=\"Gallery-6\"\n                    alt=\"Gallery-6\"\n                    src=\"https:\/\/apartamentosbenidorm.es\/wp-content\/gallery\/princip\/thumbs\/thumbs_Gallery-6.JPG\"\n                    width=\"300\"\n                    height=\"200\"\n                    style=\"max-width:100%;\"\n                \/>\n            <\/a>\n        <\/div>\n\t\t\t\t\t\t\t<\/div> \n\t\t\t\n        \n\t\t\t\t<div id=\"ngg-image-1\" class=\"ngg-gallery-thumbnail-box\" >\n\t\t\t\t        <div class=\"ngg-gallery-thumbnail\">\n            <a href=\"https:\/\/apartamentosbenidorm.es\/wp-content\/gallery\/princip\/Gallery-5.jpg\"\n               title=\"\"\n               data-src=\"https:\/\/apartamentosbenidorm.es\/wp-content\/gallery\/princip\/Gallery-5.jpg\"\n               data-thumbnail=\"https:\/\/apartamentosbenidorm.es\/wp-content\/gallery\/princip\/thumbs\/thumbs_Gallery-5.jpg\"\n               data-image-id=\"119\"\n               data-title=\"Gallery-5\"\n               data-description=\"\"\n               data-image-slug=\"gallery-5\"\n               class=\"ngg-fancybox\" rel=\"5d1b7578cce8d971fc79841cd2a34772\">\n                <img\n                    title=\"Gallery-5\"\n                    alt=\"Gallery-5\"\n                    src=\"https:\/\/apartamentosbenidorm.es\/wp-content\/gallery\/princip\/thumbs\/thumbs_Gallery-5.jpg\"\n                    width=\"300\"\n                    height=\"200\"\n                    style=\"max-width:100%;\"\n                \/>\n            <\/a>\n        <\/div>\n\t\t\t\t\t\t\t<\/div> \n\t\t\t\n        \n\t\t\t\t<div id=\"ngg-image-2\" class=\"ngg-gallery-thumbnail-box\" >\n\t\t\t\t        <div class=\"ngg-gallery-thumbnail\">\n            <a href=\"https:\/\/apartamentosbenidorm.es\/wp-content\/gallery\/princip\/Gallery-10.jpg\"\n               title=\"\"\n               data-src=\"https:\/\/apartamentosbenidorm.es\/wp-content\/gallery\/princip\/Gallery-10.jpg\"\n               data-thumbnail=\"https:\/\/apartamentosbenidorm.es\/wp-content\/gallery\/princip\/thumbs\/thumbs_Gallery-10.jpg\"\n               data-image-id=\"122\"\n               data-title=\"Gallery-10\"\n               data-description=\"\"\n               data-image-slug=\"gallery-10\"\n               class=\"ngg-fancybox\" rel=\"5d1b7578cce8d971fc79841cd2a34772\">\n                <img\n                    title=\"Gallery-10\"\n                    alt=\"Gallery-10\"\n                    src=\"https:\/\/apartamentosbenidorm.es\/wp-content\/gallery\/princip\/thumbs\/thumbs_Gallery-10.jpg\"\n                    width=\"300\"\n                    height=\"200\"\n                    style=\"max-width:100%;\"\n                \/>\n            <\/a>\n        <\/div>\n\t\t\t\t\t\t\t<\/div> \n\t\t\t\n        \n\t\t\t\t<div id=\"ngg-image-3\" class=\"ngg-gallery-thumbnail-box\" >\n\t\t\t\t        <div class=\"ngg-gallery-thumbnail\">\n            <a href=\"https:\/\/apartamentosbenidorm.es\/wp-content\/gallery\/princip\/Gallery-7.JPG\"\n               title=\"\"\n               data-src=\"https:\/\/apartamentosbenidorm.es\/wp-content\/gallery\/princip\/Gallery-7.JPG\"\n               data-thumbnail=\"https:\/\/apartamentosbenidorm.es\/wp-content\/gallery\/princip\/thumbs\/thumbs_Gallery-7.JPG\"\n               data-image-id=\"121\"\n               data-title=\"Gallery-7\"\n               data-description=\"\"\n               data-image-slug=\"gallery-7\"\n               class=\"ngg-fancybox\" rel=\"5d1b7578cce8d971fc79841cd2a34772\">\n                <img\n                    title=\"Gallery-7\"\n                    alt=\"Gallery-7\"\n                    src=\"https:\/\/apartamentosbenidorm.es\/wp-content\/gallery\/princip\/thumbs\/thumbs_Gallery-7.JPG\"\n                    width=\"300\"\n                    height=\"200\"\n                    style=\"max-width:100%;\"\n                \/>\n            <\/a>\n        <\/div>\n\t\t\t\t\t\t\t<\/div> \n\t\t\t\n        \n\t\t\t\t<div id=\"ngg-image-4\" class=\"ngg-gallery-thumbnail-box\" >\n\t\t\t\t        <div class=\"ngg-gallery-thumbnail\">\n            <a href=\"https:\/\/apartamentosbenidorm.es\/wp-content\/gallery\/princip\/Gallery-9.jpg\"\n               title=\"\"\n               data-src=\"https:\/\/apartamentosbenidorm.es\/wp-content\/gallery\/princip\/Gallery-9.jpg\"\n               data-thumbnail=\"https:\/\/apartamentosbenidorm.es\/wp-content\/gallery\/princip\/thumbs\/thumbs_Gallery-9.jpg\"\n               data-image-id=\"126\"\n               data-title=\"Gallery-9\"\n               data-description=\"\"\n               data-image-slug=\"gallery-9\"\n               class=\"ngg-fancybox\" rel=\"5d1b7578cce8d971fc79841cd2a34772\">\n                <img\n                    title=\"Gallery-9\"\n                    alt=\"Gallery-9\"\n                    src=\"https:\/\/apartamentosbenidorm.es\/wp-content\/gallery\/princip\/thumbs\/thumbs_Gallery-9.jpg\"\n                    width=\"300\"\n                    height=\"200\"\n                    style=\"max-width:100%;\"\n                \/>\n            <\/a>\n        <\/div>\n\t\t\t\t\t\t\t<\/div> \n\t\t\t\n        \n\t\t\t\t<div id=\"ngg-image-5\" class=\"ngg-gallery-thumbnail-box\" >\n\t\t\t\t        <div class=\"ngg-gallery-thumbnail\">\n            <a href=\"https:\/\/apartamentosbenidorm.es\/wp-content\/gallery\/princip\/Gallery-13.JPG\"\n               title=\"\"\n               data-src=\"https:\/\/apartamentosbenidorm.es\/wp-content\/gallery\/princip\/Gallery-13.JPG\"\n               data-thumbnail=\"https:\/\/apartamentosbenidorm.es\/wp-content\/gallery\/princip\/thumbs\/thumbs_Gallery-13.JPG\"\n               data-image-id=\"125\"\n               data-title=\"Gallery-13\"\n               data-description=\"\"\n               data-image-slug=\"gallery-13\"\n               class=\"ngg-fancybox\" rel=\"5d1b7578cce8d971fc79841cd2a34772\">\n                <img\n                    title=\"Gallery-13\"\n                    alt=\"Gallery-13\"\n                    src=\"https:\/\/apartamentosbenidorm.es\/wp-content\/gallery\/princip\/thumbs\/thumbs_Gallery-13.JPG\"\n                    width=\"300\"\n                    height=\"200\"\n                    style=\"max-width:100%;\"\n                \/>\n            <\/a>\n        <\/div>\n\t\t\t\t\t\t\t<\/div> \n\t\t\t\n        \n\t\t\t\t<div id=\"ngg-image-6\" class=\"ngg-gallery-thumbnail-box\" >\n\t\t\t\t        <div class=\"ngg-gallery-thumbnail\">\n            <a href=\"https:\/\/apartamentosbenidorm.es\/wp-content\/gallery\/princip\/Gallery-1-980x600.jpg\"\n               title=\"\"\n               data-src=\"https:\/\/apartamentosbenidorm.es\/wp-content\/gallery\/princip\/Gallery-1-980x600.jpg\"\n               data-thumbnail=\"https:\/\/apartamentosbenidorm.es\/wp-content\/gallery\/princip\/thumbs\/thumbs_Gallery-1-980x600.jpg\"\n               data-image-id=\"118\"\n               data-title=\"Gallery-1-980x600\"\n               data-description=\"\"\n               data-image-slug=\"gallery-1-980x600\"\n               class=\"ngg-fancybox\" rel=\"5d1b7578cce8d971fc79841cd2a34772\">\n                <img\n                    title=\"Gallery-1-980x600\"\n                    alt=\"Gallery-1-980x600\"\n                    src=\"https:\/\/apartamentosbenidorm.es\/wp-content\/gallery\/princip\/thumbs\/thumbs_Gallery-1-980x600.jpg\"\n                    width=\"300\"\n                    height=\"200\"\n                    style=\"max-width:100%;\"\n                \/>\n            <\/a>\n        <\/div>\n\t\t\t\t\t\t\t<\/div> \n\t\t\t\n        \n\t\t\t\t<div id=\"ngg-image-7\" class=\"ngg-gallery-thumbnail-box\" >\n\t\t\t\t        <div class=\"ngg-gallery-thumbnail\">\n            <a href=\"https:\/\/apartamentosbenidorm.es\/wp-content\/gallery\/princip\/Gallery-12.jpg\"\n               title=\"\"\n               data-src=\"https:\/\/apartamentosbenidorm.es\/wp-content\/gallery\/princip\/Gallery-12.jpg\"\n               data-thumbnail=\"https:\/\/apartamentosbenidorm.es\/wp-content\/gallery\/princip\/thumbs\/thumbs_Gallery-12.jpg\"\n               data-image-id=\"124\"\n               data-title=\"Gallery-12\"\n               data-description=\"\"\n               data-image-slug=\"gallery-12\"\n               class=\"ngg-fancybox\" rel=\"5d1b7578cce8d971fc79841cd2a34772\">\n                <img\n                    title=\"Gallery-12\"\n                    alt=\"Gallery-12\"\n                    src=\"https:\/\/apartamentosbenidorm.es\/wp-content\/gallery\/princip\/thumbs\/thumbs_Gallery-12.jpg\"\n                    width=\"300\"\n                    height=\"200\"\n                    style=\"max-width:100%;\"\n                \/>\n            <\/a>\n        <\/div>\n\t\t\t\t\t\t\t<\/div> \n\t\t\t\n        \n\t\t\t\t<div id=\"ngg-image-8\" class=\"ngg-gallery-thumbnail-box\" >\n\t\t\t\t        <div class=\"ngg-gallery-thumbnail\">\n            <a href=\"https:\/\/apartamentosbenidorm.es\/wp-content\/gallery\/princip\/Gallery-11.jpg\"\n               title=\"\"\n               data-src=\"https:\/\/apartamentosbenidorm.es\/wp-content\/gallery\/princip\/Gallery-11.jpg\"\n               data-thumbnail=\"https:\/\/apartamentosbenidorm.es\/wp-content\/gallery\/princip\/thumbs\/thumbs_Gallery-11.jpg\"\n               data-image-id=\"123\"\n               data-title=\"Gallery-11\"\n               data-description=\"\"\n               data-image-slug=\"gallery-11\"\n               class=\"ngg-fancybox\" rel=\"5d1b7578cce8d971fc79841cd2a34772\">\n                <img\n                    title=\"Gallery-11\"\n                    alt=\"Gallery-11\"\n                    src=\"https:\/\/apartamentosbenidorm.es\/wp-content\/gallery\/princip\/thumbs\/thumbs_Gallery-11.jpg\"\n                    width=\"300\"\n                    height=\"200\"\n                    style=\"max-width:100%;\"\n                \/>\n            <\/a>\n        <\/div>\n\t\t\t\t\t\t\t<\/div> \n\t\t\t\n        \n\t\t\n\t\t<!-- Pagination -->\n\t<div class='ngg-clear'><\/div>\t<\/div>\n<\/div>\n<p>&nbsp;<\/p>\n<p>&nbsp;<\/p>\n<h3 style=\"line-height: 37px !important;\">\u00bfPor qu\u00e9 esperar? \u00a1Reserva tu estancia ya!<a class=\"sc_button large button custom\" style=\"float: right;\" href=\"http:\/\/apartamentosbenidorm.es\/?page_id=290\">Hacer una reserva<\/a><\/h3>\n\n\n<p><\/p>\n","protected":false},"excerpt":{"rendered":"<p>\u00a1Bienvenidos a Apartamentos Benidorm .es! Desde 2001 ofrecemos Alquiler particular de apartamentos en primera l\u00ednea de la playa de Poniente de Benidorm.En esta p\u00e1gina encontrar\u00e1 informaci\u00f3n sobre Benidorm, fotos de los apartamentos, indicaciones para llegar a ellos y muchas cosas m\u00e1s. Para cualquier aclaraci\u00f3n, no dude en ponerse en contacto con nosotros. Puede hacerlo aqu\u00ed. [&hellip;]<\/p>\n","protected":false},"author":3,"featured_media":0,"parent":0,"menu_order":0,"comment_status":"closed","ping_status":"open","template":"templates\/fullwidth.php","meta":{"ngg_post_thumbnail":0},"_links":{"self":[{"href":"https:\/\/apartamentosbenidorm.es\/index.php?rest_route=\/wp\/v2\/pages\/3616"}],"collection":[{"href":"https:\/\/apartamentosbenidorm.es\/index.php?rest_route=\/wp\/v2\/pages"}],"about":[{"href":"https:\/\/apartamentosbenidorm.es\/index.php?rest_route=\/wp\/v2\/types\/page"}],"author":[{"embeddable":true,"href":"https:\/\/apartamentosbenidorm.es\/index.php?rest_route=\/wp\/v2\/users\/3"}],"replies":[{"embeddable":true,"href":"https:\/\/apartamentosbenidorm.es\/index.php?rest_route=%2Fwp%2Fv2%2Fcomments&post=3616"}],"version-history":[{"count":45,"href":"https:\/\/apartamentosbenidorm.es\/index.php?rest_route=\/wp\/v2\/pages\/3616\/revisions"}],"predecessor-version":[{"id":5909,"href":"https:\/\/apartamentosbenidorm.es\/index.php?rest_route=\/wp\/v2\/pages\/3616\/revisions\/5909"}],"wp:attachment":[{"href":"https:\/\/apartamentosbenidorm.es\/index.php?rest_route=%2Fwp%2Fv2%2Fmedia&parent=3616"}],"curies":[{"name":"wp","href":"https:\/\/api.w.org\/{rel}","templated":true}]}}